-3*t = -0*t + 12, -4*i + c*t + 92 = 0. What are the prime factors of i?
2, 3
Suppose -37 = 2*v + 29. Let f = 79 - 135. Let g = v - f. List the prime factors of g.
23
Let o = 87 - 87. Suppose 3*z - 568 + 43 = o. List the prime factors of z.
5, 7
Let z(a) = 4*a - 4 - 2*a + 3 + 5*a. Let l be z(-4). Let w = -21 - l. List the prime factors of w.
2
Let s = 19 - 19. What are the prime factors of 2/(0 - (2/(-173) - s))?
173
Let l(s) = 4*s - 1. Let f be l(1). Suppose -1 = f*z - 3*m - 10, z = -3*m + 7. Suppose -p + 6 = p + z*a, 6 = 2*p + a. What are the prime factors of p?
3
Suppose 840 = 5*o - 3*v, -2*o + 0*v + 322 = -4*v. Let k = -72 + o. What are the prime factors of k?
3, 11
Let y be (-178)/((-2)/(-3)*-3). Suppose y = 3*n + 5. Suppose -z = a - 19, 5*z - n = -2*a + z. What are the prime factors of a?
2, 3
List the prime factors of (4488/24)/(1/1).
11, 17
Let g(n) = -84*n + 2564. What are the prime factors of g(0)?
2, 641
Let u(q) = 54*q**2 - q + 1. Let b be u(-3). Let v = -308 + b. List the prime factors of 5/(-15) + v/6.
2, 3, 5
Suppose -2*b = -5*s + 83, 1 - 21 = 5*b. What are the prime factors of (-1)/(-5) + (-1 - (-1797)/s)?
7, 17
Let x be 2365/(-129)*(-3)/(3 + -2). Let i = 42 + -74. Let v = i + x. What are the prime factors of v?
23
Let x be -2 + -1 + 4/4. Let v = 7 - 19. What are the prime factors of (v/8)/(x/4)?
3
Suppose 97 - 97 = -q. List the prime factors of (146 - (q - 0))*41/82.
73
Suppose 6 = -8*r + 270. What are the prime factors of r?
3, 11
Let o(z) = 2*z**2 + 24*z - 34. Let w be o(-20). Suppose 3*t = 5*t - w. List the prime factors of t.
11, 13
Suppose -2*j - 42 = -4*j. Suppose -2*l + 13 = q - 4, 2*l = 3*q + j. Let n = 14 - l. What are the prime factors of n?
5
Let q(g) = -2*g - 1. Let i be q(7). Let s = 12 + i. What are the prime factors of s + 3 - (-22 + 1)?
3, 7
Let p(t) = 6*t**3 + 3*t**2 - 18*t - 3. Suppose -2*w + 26 = r + 3*r, 5*w - 33 = -2*r. List the prime factors of p(r).
3, 7, 17
Let a = -4168 - -6328. What are the prime factors of a?
2, 3, 5
Let r = -8 + 12. Suppose -r + 34 = 2*d. Let h = 45 - d. List the prime factors of h.
2, 3, 5
Suppose -3*r + j = -1749, -3*j + 647 - 2979 = -4*r. What are the prime factors of r?
11, 53
Let f(y) = 3*y**3 - 17*y**2 + 21*y - 18. Let s(b) = -4*b**3 + 18*b**2 - 21*b + 19. Let p(o) = 5*f(o) + 4*s(o). List the prime factors of p(-15).
11
Let c(s) = -23*s + 3. Let z(a) = -23*a + 4. Let p(f) = 2*c(f) - 3*z(f). List the prime factors of p(3).
3, 7
Let v = 2510 + -1266. List the prime factors of v.
2, 311
Let f(o) = -2*o - 2. Let k be f(-4). Suppose -2*l = -l - k. Let b(w) = 5*w. List the prime factors of b(l).
2, 3, 5
Let x(s) = s - 11. Let o be x(9). Let h = -12 - o. List the prime factors of h/(-2 + (-32)/(-20)).
5
Suppose 832 = 7*k + k. What are the prime factors of k?
2, 13
Let d = -23 + 13. Suppose -m = 412 - 53. What are the prime factors of m/(-6) - d/60?
2, 3, 5
Let w(r) = 14*r + 2. Let q be (2 - (-13)/(-4))*(0 + -4). List the prime factors of w(q).
2, 3
Let n = -439 + 867. List the prime factors of n.
2, 107
Let j = 239 + 427. List the prime factors of (-6)/(-21) + (j/21 - 3).
29
Let m(w) = -13*w - 2. Let n be m(-3). Suppose -c - n = -195. What are the prime factors of c?
2, 79
What are the prime factors of (1/((-4)/194))/((-29)/174)?
3, 97
Suppose -4*f + 7 = -2*x - 11, -3*f = -2*x - 15. Suppose -4*q - 561 = d, -d - f*d + 12 = 0. List the prime factors of 3/12 - q/12.
2, 3
Let s(z) = 1. Let l(k) = k**2 - 14*k - 5. Let t(f) = -l(f) - 2*s(f). List the prime factors of t(8).
3, 17
List the prime factors of 515*(-6)/4*-4.
2, 3, 5, 103
Let z be -4*(1 - (-183)/(-4)). Let b = z + -253. Let p = -45 - b. What are the prime factors of p?
29
Suppose 0 = 863*h - 867*h + 3156. List the prime factors of h.
3, 263
Let x be ((-1)/(-2))/(3/12). Suppose -2*y = x*y. Suppose y = o - s - 5 - 6, 0 = s + 5. List the prime factors of o.
2, 3
Let m = -404 - -441. List the prime factors of m.
37
Suppose -611 = -f - 4*o, f + 3*f - 2504 = -4*o. List the prime factors of f.
631
Suppose -15*p + 1044 = -1731. What are the prime factors of p?
5, 37
Suppose 20 - 74 = -3*n. Let c(q) = 12 - n + 20 - 3*q. What are the prime factors of c(-15)?
59
Let d = 298 - -522. List the prime factors of d.
2, 5, 41
Let t(w) = 8*w. Let l = -5 - -13. List the prime factors of t(l).
2
Let u(c) = 53*c**3 - c**2 - c + 1. Let d be u(-1). Let t be d/(-24) + 2/(-12). Suppose 4*y - 5*r = 87, -3*r = -t*r - 1. List the prime factors of y.
23
Suppose -924 - 253 = -m - 3*j, 0 = 3*m + 2*j - 3496. What are the prime factors of m?
2, 7, 83
Suppose 511 - 675 = 4*k. Let v be (-9 - 0)*190/(-15). Let q = v + k. List the prime factors of q.
73
Let q = 1577 + 1373. List the prime factors of q.
2, 5, 59
Let o(w) = -2*w - 9. Let q be o(-6). Suppose 0 = -3*b + b + 18. Suppose 3*f - 15 = 0, q*i - 5*f + b = 41. What are the prime factors of i?
19
Let c(g) = 8*g**2 - 11*g + 4. Let d be c(3). Suppose -3*s = 6 - 90. Let y = d + s. List the prime factors of y.
71
Let i = -774 - -1379. What are the prime factors of i?
5, 11
Let s be (26/(-65))/((-4)/(-10)). Let b = 58 + s. Suppose 1 = d - b. List the prime factors of d.
2, 29
What are the prime factors of (4 - (-405)/20)*76?
19, 97
Let x = 17 + 4. Let f be 0 + 3/((-3)/(-11)). Let o = x - f. What are the prime factors of o?
2, 5
Let d(h) = -6*h**3 - h**2 - 2*h - 1. Let j be d(-1). Let u be -3*(-3)/(j + -3). Let w = 16 + u. List the prime factors of w.
19
Let a(w) = 3*w + 17. Let o be a(-4). What are the prime factors of ((4 - o) + 5)/2?
2
Let f = -433 - -79. List the prime factors of (-3)/(6/16)*f/12.
2, 59
Let w be (-256)/(-18) - 10/45. List the prime factors of 63/w*22/3.
3, 11
What are the prime factors of 1*1076/6 - 128/(-192)?
2, 3, 5
Suppose 0 = 2*d - f - 387 - 594, 5*d + 2*f = 2430. List the prime factors of d.
2, 61
Let o(k) = -2*k**2 - k + 130. Let n be o(0). Let j = n + -79. List the prime factors of j.
3, 17
Let r be 2 + (-1 + 0)*-2. Suppose 0*w + 44 = r*w. Suppose -29 - w = -2*u - 3*n, u + 3*n - 17 = 0. List the prime factors of u.
23
Suppose 17 = 2*y + 3*t, -2*t + 19 = y + 3*t. Suppose 1280 = 5*x + 5*j, -y*x + 113 = 2*j - 913. List the prime factors of x.
257
Let t(d) = d**3 + 17*d**2 + 4. Let l be t(-17). Suppose 3*u + 3*f - f - 101 = 0, 132 = l*u + 4*f. List the prime factors of u.
5, 7
Let m be -8 - -8 - 0/2. Suppose -d = 5*b - 60, m*d - 2*b - 218 = -4*d. What are the prime factors of d?
5, 11
Let o(m) = 19*m**2 - 8*m - 11. List the prime factors of o(-2).
3
Suppose 609 = 5*a - 2*w, 4*a + 3*w = -a + 599. List the prime factors of a.
11
Let q(u) = 18*u**2 - 29*u - 7. Let g be q(8). Suppose 2*b = c - 180, 3*b = -7*c + 2*c + g. List the prime factors of c.
2, 7, 13
Let i(t) = t**3 + 7*t**2 + 5. Let u be i(-7). Suppose u*k - 442 = -2*r, -2*r = -5*k + 713 - 255. What are the prime factors of k?
2, 3, 5
Let y(v) = 11*v**3 - v**2 - 6*v + 4. Suppose -3*c + 4*j = 14, -3*j - 15 = -5*c - 4*j. List the prime factors of y(c).
2, 19
Suppose -297*p - 11196 = -303*p. List the prime factors of p.
2, 3, 311
Let j(p) be the third derivative of 0*p - 5/3*p**3 + 5*p**2 - 1/60*p**5 + 0 - 11/24*p**4. What are the prime factors of j(-7)?
2, 3
Let m(k) be the second derivative of 133*k**5/20 - k**4/6 - k**3/6 + k**2 + 3*k. What are the prime factors of m(1)?
2, 3, 11
List the prime factors of 72/(-20) + 4 - 2936/(-10).
2, 3, 7
Let b be 8/6 + -1 + (-11)/(-3). Suppose -3*u = 4 + 8, -u - 556 = -b*w. List the prime factors of w.
2, 3, 23
Let f = -212 - -144. Let c = 11 - f. List the prime factors of c.
79
Let b(i) = -i**2 + 5*i. Let r be b(7). Let p be (-4)/r + 19/7. Suppose -p*u = 2*x + 3*x - 106, -4*u + 2*x + 150 = 0. What are the prime factors of u?
37
Suppose 22*a = 25*a - 1158. List the prime factors of a.
2, 193
List the prime factors of 0/9 - (-3249 + (1 - -2)).
2, 3, 541
Let u(v) = -33*v - 251. What are the prime factors of u(-54)?
1531
Let n = 293 + -19. What are the prime factors of n?
2, 137
Suppose 2*t = 0, -u + 3*t - 107 = 305. Let x = -270 - u. List the prime factors of x.
2, 71
Let c = -16 + 9. List the prime factors of c/(28/(-12)) - -43.
2, 23
List the prime factors of 5 + 0/7 - -2268.
2273
Suppose 0 = 188*d - 197*d + 34578. List the prime factors of d.
2, 17, 113
Let r(h) = -3*h + 2. Let u(j) = j - 1. Let i = 